*b + 4*o = 26169, -13*b + 3*o = -9*b - 20929. What is the thousands digit of b?
5
Let h = 10316 + 8329. What is the hundreds digit of h?
6
Let m be 36/(-8) - (-2)/(-4). What is the hundreds digit of 6/(-15)*(-15 - m) - -484?
4
Let a(h) = 2*h**2 - 42*h + 249. What is the hundreds digit of a(24)?
3
Let c = 5 + 1. Suppose 4*b - c*b - 25 = -g, 3 = 3*b. Suppose 657 = g*u - 24*u. What is the units digit of u?
9
Suppose -25*q = -16*q - 63162. Suppose q = 21*o - 1445. What is the units digit of o?
3
Suppose 3*m = 6, -35*q + 2*m = -39*q + 39472. What is the hundreds digit of q?
8
Let a(g) = -4*g - 4*g - 10*g + 4*g + 12. Let k be a(-2). Suppose 2*q - q + 2*v - 39 = 0, k = q + v. What is the units digit of q?
1
Suppose -11*p + 22*p = 9548. Let m = p + -97. What is the units digit of m?
1
Suppose -4*u - 12 = -5*y, -2*u + 18 = 24. Suppose -2*g - 41 = -z + 12, 2*z - 2*g - 100 = y. What is the units digit of z?
7
Let r = -1671 - -1060. Let g = 736 - r. What is the hundreds digit of g?
3
Let y(w) = 10*w**3 - 3*w**2 - 5*w + 7. Let q be y(3). Let m be -165 + 0 + 2 + -1. Let r = q + m. What is the tens digit of r?
7
Let t = -118 + 253. Let p be (-5)/(-2)*4374/t. Suppose 5*d - 973 = -w, -d + 4*w = -101 - p. What is the units digit of d?
4
Let y(z) be the second derivative of 5*z**4/12 + z**3 + 31*z**2/2 + 77*z. What is the units digit of y(-5)?
6
Suppose i - f = 116, 0 = 2*i + 4*f + 63 - 271. Let d be 2349/8 + 42/i. Suppose 0 = -3*a + 5*q + 331 + d, a + 3*q - 213 = 0. What is the tens digit of a?
1
Let b(l) = -l**3 - 7*l**2 - 6*l - 12. Let n be b(-7). Let t be (3/(-5))/(87/n - 3). What is the tens digit of (-2)/t - 1048/(-36)*3?
8
Suppose 5 = -3*p - 4*y, -p + 2*y + 15 = -0*p. Suppose -5*g + 4902 - 1328 = -3*k, -p*g = 5*k - 3550. What is the units digit of g?
3
Let i(v) be the third derivative of -v**4/6 - 11*v**3/6 + 13*v**2. Let l be i(6). Let r = 9 - l. What is the tens digit of r?
4
Suppose 3*i - 4*y = 1966, 3*i + 3*y - 705 - 1275 = 0. Suppose -i = -b - 7. What is the units digit of b?
1
Let n(v) be the first derivative of 7*v**4/2 + 2*v**3/3 - 2*v**2 + 6*v - 34. What is the units digit of n(2)?
8
Let k = -12 - -12. Suppose 0 = -k*v - v + 68. Suppose 365 = v*l - 63*l. What is the units digit of l?
3
Let k(b) = -20*b**3 + 15*b**2 - 33*b - 258. What is the tens digit of k(-8)?
0
Let l(j) = 62*j**2 + 8*j - 536. What is the thousands digit of l(-19)?
1
What is the thousands digit of (-1)/(-9) - 6/(486/(-2196225))?
7
Suppose 13*n - 437115 = 56*n - 2062601. What is the ten thousands digit of n?
3
Let r be (3 + (-5982)/(-3))*6/3. Suppose -35*m + 25834 = r. What is the hundreds digit of m?
6
Suppose -20997 = -1893*p + 1890*p. What is the hundreds digit of p?
9
Let x be (-2)/((-6)/(-33)) + 0. Let y be ((-1)/(-2) - 0)*0/x. Suppose y*s = -s + 131. What is the hundreds digit of s?
1
Let b = 664 - 268. Let s = 1837 - b. What is the hundreds digit of s?
4
Let q(c) be the third derivative of -7/3*c**3 + 7/12*c**4 + 0 + 0*c + 2*c**2 - 1/60*c**5. What is the units digit of q(9)?
1
Let b(l) = -6*l - 30. Let a(r) = -2. Let h(n) = n**3 + 5*n**2 - 6*n - 1. Let w be h(-6). Let z(t) = w*b(t) + 12*a(t). What is the tens digit of z(5)?
3
Let z(l) = -2*l**3 - l**2 - 6*l - 27. Suppose 5*q + 3*p = -42, -q - p = -5*p - 10. What is the units digit of z(q)?
5
Let v be (0 + -5)/(-5)*0. Suppose -111 = -5*g - v*g + 2*h, 4*h = g - 33. What is the tens digit of g?
2
Suppose 5*v - 5*s = 3610, 4*v + 0*v - s - 2885 = 0. Let g = 1101 - v. What is the units digit of g?
0
Suppose -9*v + 11*v - 212 = 0. Suppose -y + v = 19. Suppose -4*q = -261 - y. What is the tens digit of q?
8
Let m = -101722 - -164363. What is the ten thousands digit of m?
6
Suppose 698273 = -39*t + 1069470 + 1800050. What is the units digit of t?
3
Let y = -8 - -34. Suppose 4*x - 2*g + y = 2*x, -3*g = -5*x - 71. What is the units digit of (-3)/(4*-3) + (-780)/x?
9
Suppose 2*f - 39704 + 8785 = b, 2*b - 15457 = -f. What is the units digit of f?
9
Suppose -s + 5*d = -18365, 0 = -3*s - 2*d + 13507 + 41622. What is the hundreds digit of s?
3
Let h(y) = 21*y + 14. Let m(q) = -40*q - 29. Let o(f) = -9*h(f) - 4*m(f). Let r be (-2)/(-4) - (-136)/(-16). What is the hundreds digit of o(r)?
2
Let z(k) = -k**3 - 9*k**2 + 4. Let i be z(-9). Suppose r - 535 = -l - l, -4*r - i*l + 2156 = 0. What is the hundreds digit of r?
5
Let n be (-342)/8*(0 - 16/(-4)). Let s = n - -250. Suppose -45 = -4*l + s. What is the units digit of l?
1
Suppose 34 = 2*w - 0*j + 3*j, -w = 5*j - 31. Suppose -o + r + w = 0, 0 = 3*o - 3*r + 4*r - 41. Suppose 4*k - o = 7. What is the units digit of k?
5
Let u(b) = 1321*b**2 - 104*b + 287. What is the tens digit of u(5)?
9
Let z(l) be the first derivative of -16*l**2 + 18*l + 19. What is the tens digit of z(-9)?
0
Suppose 527 = 3*a + 5*n, -5*a = -a - 3*n - 693. Suppose -a = -2*q + 242. What is the tens digit of q?
0
Let w = 893 + -871. Suppose -32*h = -w*h - 17300. What is the thousands digit of h?
1
Let m(x) = 1222*x + 5473. What is the ten thousands digit of m(18)?
2
Suppose -3 - 9 = -3*t, -s = 3*t - 78835. What is the hundreds digit of s?
8
Let p be ((-56)/(-10))/(8/(-60)). Let d be p - (-1 - -3)*1. Let s = d + 72. What is the units digit of s?
8
Let j be (3 + -2 + (-2)/(-6))*261. Suppose q + 3*t - j = 0, -q - 6*t = -2*t - 346. What is the hundreds digit of q?
3
Let f(q) = -261*q - 1528. What is the thousands digit of f(-64)?
5
Let k(l) = 36*l**2 - 90*l - 705. What is the tens digit of k(-9)?
2
Suppose 3*t - 177 - 30 = 0. Let r(h) = -h**2 + 4*h - 4. Let o be r(-6). Let a = t + o. What is the units digit of a?
5
Let h = 41283 - 28971. What is the tens digit of h?
1
Let d(l) = -348*l + 6. Let t be d(-6). Let y = 3335 - t. What is the thousands digit of y?
1
What is the tens digit of (451/33 + -14)/((-3)/219546)?
9
Suppose 2*t + 3*p = 5*p + 652, 5*t - 8*p - 1621 = 0. What is the units digit of t?
9
Suppose -43 = -5*j - 68, 0 = -3*y + 2*j + 2242. What is the hundreds digit of y?
7
Let i be 16162/12 + 3/18. Let a = -747 + i. Suppose -6*w + 0*w + a = 0. What is the hundreds digit of w?
1
Suppose 1583907 = 65*c + 679163 - 1192351. What is the thousands digit of c?
2
Let o = 81 + 13368. What is the hundreds digit of o?
4
What is the hundreds digit of ((-3)/(45/1434))/((-4)/(336 - -4))?
1
Let c = 106 + 1894. What is the tens digit of c?
0
Suppose 0 = -3*y + 7*y - 2*k - 203334, 0 = -y + 4*k + 50823. What is the tens digit of y?
3
Suppose -98*t + 416862 + 693837 = 10551. What is the hundreds digit of t?
2
Suppose -1682 + 287 = 5*m. Let r = 1391 + m. What is the hundreds digit of r?
1
Let y(h) = 6 - h + 0 - 42*h. Let l be y(-3). Let n = l - 21. What is the hundreds digit of n?
1
What is the thousands digit of (30/25)/(20/159850)?
9
Let w(s) = s**3 + 95*s**2 + 334*s + 304. What is the tens digit of w(-89)?
0
Let d(b) = -b**3 - 16*b**2 - 38*b + 13. Let v be d(-13). What is the hundreds digit of 1/((18/(-4359))/(-6) - v)?
4
Suppose 6*b + b = 0. Let c be 1*(b - 0)/(-5 + 3). Suppose c = -39*q + 42*q - 108. What is the tens digit of q?
3
Let a(g) = 49*g**2 - 75*g - 43. What is the thousands digit of a(8)?
2
What is the hundreds digit of (-24)/21 + -320598*((-32)/42)/8?
5
Let s(x) = -39*x**3 - 2*x**2 - 6*x - 4. Suppose -2*h - 6 + 4 = 0. Let k be s(h). Suppose -2*i + 17 = -3*r - k, 23 = i - 4*r. What is the tens digit of i?
3
Let n(g) = 142*g + 13. Suppose 11*r - 10*r = 3. What is the units digit of n(r)?
9
Suppose 2*n - 286 = -11*n. Suppose 9*s + n = 2821. What is the tens digit of s?
1
Let m(v) = -v**3 - 13*v**2 + 6*v - 22. Let o be m(-13). Let a = -95 - o. What is the units digit of 47/(-7 + 3 + a)?
7
Let v = -543 - -545. What is the hundreds digit of (7 + (-17)/v)*(-6088)/6?
5
Suppose 22*o - 55*o + 53856 = 0. What is the tens digit of o?
3
Let o(u) be the third derivative of 121*u**5/20 + 13*u**4/24 - 13*u**3/6 + 12*u**2 - 2. What is the tens digit of o(1)?
6
Suppose 9*o - 38 = -164. Let d(l) = 6*l**2 + 0 - 4 + l**3 - 20*l + 7*l**2. What is the tens digit of d(o)?
8
Let v = 11294 - 5974. Suppose 3*u = 8*u + v. What is the tens digit of ((-12)/14)/(5324/u - -5)?
2
Let o = 91 - 91. What is the units digit of (1 + o)*(34 - -164)?
8
Suppose 2515 - 2485 = 5*z, -2*x = 2*z - 21706. What is the ten thousands digit of x?
1
Let u = -2056 - -204